{"id":53,"date":"2008-01-10T06:53:15","date_gmt":"2008-01-10T05:53:15","guid":{"rendered":"http:\/\/www.4ojos.com\/blog\/?page_id=53"},"modified":"2014-03-16T23:34:57","modified_gmt":"2014-03-16T21:34:57","slug":"hago","status":"publish","type":"page","link":"https:\/\/www.4ojos.com\/blog\/?page_id=53","title":{"rendered":"hago"},"content":{"rendered":"<p>[youtube]http:\/\/www.youtube.com\/watch?v=jLv7A5FV7YQ[\/youtube]<\/p>\n<p>El programa de RTVE <a href=\"http:\/\/www.rtve.es\/alacarta\/videos\/programa\/ilustrando-acampada-sol\/1118963\/?date=1307156457679\" target=\"_blank\"><strong><span style=\"text-decoration: underline;\">Cr\u00f3nicas<\/span> <\/strong><\/a>ha producido <a href=\"http:\/\/www.rtve.es\/noticias\/20110603\/cronicas-km0\/436658.shtml\" target=\"_blank\"><strong><span style=\"text-decoration: underline;\">&#8220;Kil\u00f3metro 0&#8221;,<\/span> un documental<\/strong><\/a>sobre la Acampada de Sol en el que salgo dibujando y hablando.<\/p>\n<p><strong><a href=\"http:\/\/www.elpais.com\/edigitales\/entrevista.html?id=8196#\" target=\"_blank\">Entrevista digital con los lectores de El Pa\u00eds 15-6-2011<\/a><\/strong><\/p>\n<p><strong><a href=\"http:\/\/www.4ojos.com\/blog\/imagenes\/actualidad\/lindo-paisdomingo.jpg\"><img loading=\"lazy\" class=\"alignnone\" src=\"http:\/\/www.4ojos.com\/blog\/imagenes\/actualidad\/lindo-paisdomingo.jpg\" alt=\"\" width=\"700\" height=\"966\" \/><\/a><br \/>\n<\/strong><\/p>\n<p><strong><a href=\"http:\/\/www.elpais.com\/articulo\/opinion\/Quiero\/entrar\/leyenda\/elpepusocdgm\/20110612elpdmgpan_1\/Tes\" target=\"_blank\">Art\u00edculo del 12-6-2011 de Elvira Lindo sobre mi cobertura del 15M<\/a><\/strong><\/p>\n<p><a href=\"http:\/\/www.4ojos.com\/blog\/imagenes\/actualidad\/yo%20en%20el%20pais%2018-6-2011.jpg\"><img loading=\"lazy\" src=\"http:\/\/www.4ojos.com\/blog\/imagenes\/actualidad\/yo%20en%20el%20pais%2018-6-2011.jpg\" alt=\"\" width=\"692\" height=\"519\" \/><\/a><\/p>\n<p><strong><a href=\"http:\/\/www.elpais.com\/articulo\/madrid\/storyboard\/27\/dias\/campamento\/Puerta\/Sol\/elpepuespmad\/20110618elpmad_8\/Tes\" target=\"_blank\">Art\u00edculo en El Pa\u00eds Madrid 18-6-2011<\/a><\/strong><\/p>\n<p>Otra cita en El Pa\u00eds el 18-5-2011, <a href=\"http:\/\/politica.elpais.com\/politica\/2011\/05\/18\/actualidad\/1305716354_224747.html\" target=\"_blank\"><strong>aqu\u00ed<\/strong><\/a><\/p>\n<p><a href=\"http:\/\/www.larepublicacultural.es\/article4521.html\"><strong>Rese\u00f1a de la presentaci\u00f3n del libro el 25 de julio.<br \/>\n<\/strong><\/a><\/p>\n<p><a href=\"http:\/\/www.4ojos.com\/blog\/imagenes\/prensa\/publico21-5-11-baja.JPG\"><img loading=\"lazy\" src=\"http:\/\/www.4ojos.com\/blog\/imagenes\/prensa\/publico21-5-11-baja.JPG\" alt=\"\" width=\"702\" height=\"441\" \/><\/a><\/p>\n<p><a href=\"http:\/\/www.publico.es\" target=\"_blank\"><strong>P\u00fablico <\/strong><\/a>dedic\u00f3 una doble p\u00e1gina el 21-5-2011 <a href=\"Entradas anteriores sobre el tema http:\/\/www.4ojos.com\/blog\/?tag=15m\" target=\"_blank\"><strong>a mi cuaderno de Sol<\/strong><\/a>. El enlace en su web, <a href=\"http:\/\/www.publico.es\/espana\/377569\/como-se-ve-la-plaza-que-todo-el-mundo-mira\" target=\"_blank\"><strong>aqu\u00ed.<\/strong><\/a><\/p>\n<p><a href=\"http:\/\/www.yorokobu.es\/el-15-m-contado-en-ilustraciones\/\" target=\"_blank\"><strong> <\/strong><\/a><strong><a href=\"http:\/\/noticias.lainformacion.com\/arte-cultura-y-espectacluos-videojuegos\/arte-cultura-y-espectaculos-artes-general\/la-spanishrevolution-en-dibujos-y-carteles_LKAUn0jysoQjIjqC1cLQ56\/\" target=\"_blank\">Art\u00edculo en el peri\u00f3dico La informaci\u00f3n<\/a><\/strong><\/p>\n<p>Exposici\u00f3n de los dibujos del 15M en el <a href=\"https:\/\/www.facebook.com\/profile.php?id=100001623514617\" target=\"_blank\"><strong>Cercle Art\u00edstic Sant Lluc.<\/strong><\/a> de Barcelona. Las fotos, en <a href=\"https:\/\/www.facebook.com\/photo.php?fbid=2136195203883&amp;set=a.2136190283760.132862.1216176927&amp;type=1&amp;ref=notif&amp;notif_t=photo_reply#!\/media\/set\/?set=a.2136190283760.132862.1216176927\" target=\"_blank\"><strong>este grupo de facebook.<\/strong><\/a> Un v\u00eddeo de La Vanguardia, <a href=\"http:\/\/www.lavanguardia.com\/vida\/20110609\/54168365084\/los-indignados-acampados-en-dibujos.html\" target=\"_blank\"><strong>aqu\u00ed.<\/strong><\/a><\/p>\n<p><a href=\"http:\/\/www.yorokobu.es\/el-15-m-contado-en-ilustraciones\/\" target=\"_blank\"><strong> <\/strong><\/a><strong><a href=\"http:\/\/noticias.lainformacion.com\/arte-cultura-y-espectacluos-videojuegos\/arte-cultura-y-espectaculos-artes-general\/la-spanishrevolution-en-dibujos-y-carteles_LKAUn0jysoQjIjqC1cLQ56\/\" target=\"_blank\"><\/a><\/strong><strong><a href=\"http:\/\/www.yorokobu.es\/el-15-m-contado-en-ilustraciones\/\" target=\"_blank\">Post 16-6-2011 en la revista Yorokobu <\/a><a href=\"http:\/\/www.yorokobu.es\/el-15-m-contado-en-ilustraciones\/\" target=\"_blank\"> <\/a><\/strong><\/p>\n<p><a href=\"http:\/\/www.nometoqueslashelveticas.com\/2011\/06\/el-15m-ilustrado.html\" target=\"_blank\">http:\/\/blogdeiconi.blogspot.com<\/a><\/p>\n<p><a href=\"http:\/\/www.nometoqueslashelveticas.com\/2011\/06\/el-15m-ilustrado.html\" target=\"_blank\">http:\/\/www.nometoqueslashelveticas.com<\/a><br \/>\n<a href=\"http:\/\/aquarel.blogspot.com\/2011\/05\/visual-chronicle-of-new-spanish.html\" target=\"_blank\">http:\/\/aquarel.blogspot.com<\/a><br \/>\n<a href=\"http:\/\/aquarel.blogspot.com\/2011\/05\/visual-chronicle-of-new-spanish.html\" target=\"_blank\">Post en el blog de Katherine Tyrell (en ingl\u00e9s) http:\/\/makingamark.blogspot.com\/<\/a><\/p>\n<p><strong><a href=\"http:\/\/elestafador.com\/2011\/05\/el-estafador-83-spanishrevolution\/\" target=\"_blank\">El estafador<\/a> especial #spanishrevolution recoge algunos de mis dibujos<\/strong><\/p>\n<p>Me entrevistan en el programa de radio Agora Pulp. <strong><a href=\"http:\/\/madrid.tomalaplaza.net\/2011\/06\/27\/agora-pulp-sol-radio-25-junio-2011\/\" target=\"_blank\">Aqu\u00ed ten\u00e9is el enlace<\/a><\/strong> por si quer\u00e9is oirlo<\/p>\n<p>La revista marcapasos<a href=\"http:\/\/revistamarcapasos.com\/cronicas\/enrique-flores-dibuja-la-spanishrevolution\/\" target=\"_blank\"><strong> ha publicado un art\u00edculo sobre mis cuadernos de Sol.<\/strong><\/a><\/p>\n<p><a href=\"http:\/\/tiempo.elargentino.com\/notas\/los-indignados-de-espana-salen-lapiz-mano-dibujar-crisis\" target=\"_blank\"><strong>Art\u00edculo en el peri\u00f3dico Tiempo Argentino<\/strong><\/a><\/p>\n<p>[youtube]http:\/\/www.youtube.com\/watch?v=SIdznrciYLY[\/youtube]<\/p>\n<p>Reportaje en una tele asturiana sobre mis cuadernos de viajes a Asturias<\/p>\n<p><a href=\"http:\/\/www.4ojos.com\/blog\/imagenes\/CV\/diario-de-sevilla2-8-2011.jpg\"><img loading=\"lazy\" class=\"alignnone\" src=\"http:\/\/www.4ojos.com\/blog\/imagenes\/CV\/diario-de-sevilla2-8-2011.jpg\" alt=\"\" width=\"700\" height=\"700\" \/><\/a><\/p>\n<p>Diario de Sevilla: <a rel=\"nofollow\" href=\"http:\/\/www.diariodesevilla.es\/article\/ocio\/1034450\/enrique\/flores\/ilustra\/la\/cronica\/diaria\/la\/acampada\/sol.html\" target=\"_blank\">http:\/\/www.diariodesevilla.es\/article\/ocio\/1034450\/enrique\/flores\/ilustra\/la\/cronica\/diaria\/la\/acampada\/sol.html<\/a><\/p>\n<p>Cadena Ser: <a rel=\"nofollow\" href=\"http:\/\/www.cadenaser.com\/cultura\/articulo\/enrique-flores-dibuja-indignados-15-m\/csrcsrpor\/20110801csrcsrcul_3\/Tes\" target=\"_blank\">http:\/\/www.cadenaser.com\/cultura\/articulo\/enrique-flores-dibuja-indignados-15-m\/csrcsrpor\/20110801csrcsrcul_3\/Tes<\/a><\/p>\n<p>Europa Press: <a rel=\"nofollow\" href=\"http:\/\/es.noticias.yahoo.com\/ilustrador-enrique-flores-plasma-cuaderno-sol-concentraciones-movimiento-145835917.html\" target=\"_blank\">http:\/\/es.noticias.yahoo.com\/ilustrador-enrique-flores-plasma-cuaderno-sol-concentraciones-movimiento-145835917.html<\/a><\/p>\n<p>Correo de Andaluc\u00eda: <a rel=\"nofollow\" href=\"http:\/\/www.elcorreoweb.es\/cultura\/127752\/15menriquefloresartepinceles\" target=\"_blank\">http:\/\/www.elcorreoweb.es\/cultura\/127752\/15menriquefloresartepinceles<\/a><\/p>\n<p>Noticias.Com: <a rel=\"nofollow\" href=\"http:\/\/www.noticias.com\/el-ilustrador-enrique-flores-plasma-en-cuaderno-de-sol-las-concentraciones-del-movimiento.1236636\" target=\"_blank\">http:\/\/www.noticias.com\/el-ilustrador-enrique-flores-plasma-en-cuaderno-de-sol-las-concentraciones-del-movimiento.1236636<\/a><\/p>\n<p>El Pais Digital (pista de audio del programa Hoy por Hoy en Sevilla): <a rel=\"nofollow\" href=\"http:\/\/www.elpais.com\/audios\/cultura\/Enrique\/Flores\/declaraciones\/programa\/Hoy\/Hoy\/Verano\/Sevilla\/elpais\/20110801csrcsrcul_3\/Aes\/\" target=\"_blank\">http:\/\/www.elpais.com\/audios\/cultura\/Enrique\/Flores\/declaraciones\/programa\/Hoy\/Hoy\/Verano\/Sevilla\/elpais\/20110801csrcsrcul_3\/Aes\/<\/a><\/p>\n<p>Actualidad noticias (texto de Europa Press): <a rel=\"nofollow\" href=\"http:\/\/www.actualidadnoticias.com\/2011\/08\/01\/el-ilustrador-enrique-flores-plasma-en-cuaderno-de-sol-las-concentraciones-del-movimiento-15-m-en-madrid\/\" target=\"_blank\">http:\/\/www.actualidadnoticias.com\/2011\/08\/01\/el-ilustrador-enrique-flores-plasma-en-cuaderno-de-sol-las-concentraciones-del-movimiento-15-m-en-madrid\/<\/a><\/p>\n<p>Sevilla Actualidad: <a rel=\"nofollow\" href=\"http:\/\/www.sevillaactualidad.com\/noticias\/cultura\/artes\/11757-dibujando-el-15-m.html\" target=\"_blank\">http:\/\/www.sevillaactualidad.com\/noticias\/cultura\/artes\/11757-dibujando-el-15-m.html<\/a><\/p>\n<p><a href=\"http:\/\/www.archive.org\/details\/AgoraPulpSabado06082011\" target=\"_blank\"><strong>Entrevista el 6-8-11 en &#8220;Agora Pulp&#8221;, un programa de Radio Agora Sol<\/strong><\/a><\/p>\n<p><a href=\"http:\/\/www.rtve.es\/alacarta\/audios\/hoy-empieza-todo\/hoy-empieza-todo-entrevista-enrique-flores-autor-cuaderno-sol-08-08-11\/1169824\/\" target=\"_blank\"><strong>Entrevista el 8-8-11 en el programa de Radio3 &#8220;Hoy comienza todo&#8221;<\/strong><\/a><\/p>\n<p><a href=\"http:\/\/www.esquire.es\/blogs\/celtiberia-sumergida-5\/enrique-flores-sus-cuadernos-viaje_609.html\"><strong>Rese\u00f1a en el blog de Esquire.<\/strong><\/a><\/p>\n<p><a href=\"http:\/\/www.experimenta.es\/noticias\/grafica-y-comunicacion\/ilustracion-y-acuarelas-15M-enrique-flores-3114\" target=\"_blank\"><strong>Post sobre mis dibujos del 15M en el blog de Experimenta<\/strong><\/a><\/p>\n<p><a href=\"http:\/\/www.yorokobu.es\/los-cuadernos-de-viaje-de-enrique-flores\/#more-33028\" target=\"_blank\"><strong>Post en el blog de Yorokobu sobre mis cuadernos de viaje.<\/strong><\/a><\/p>\n<p><a href=\"http:\/\/www.youtube.com\/watch?v=2mqi5-wbME8&amp;feature=youtu.be\" target=\"_blank\"><strong>Una entrevista en el programa &#8220;Amanece que no es poco&#8221; de Audiovisol.<\/strong><\/a><\/p>\n<p><a href=\"http:\/\/vimeo.com\/53283541\" target=\"_blank\"><strong>Trailer de la pel\u00edcula &#8220;Dorm\u00edamos, despertamos&#8221;<\/strong><\/a><\/p>\n<p>[youtube]http:\/\/www.youtube.com\/watch?v=Id8eHZ4tRcM[\/youtube]<\/p>\n<p>Entrevista en el programa &#8220;Al fondo a la izquierda&#8221;<\/p>\n<p><a rel=\"nofollow\" href=\"http:\/\/bambuser.com\/v\/4445914\" target=\"_blank\">http:\/\/bambuser.com\/v\/4445914<\/a><\/p>\n<p>Charla sobre carteles pol\u00edticos<\/p>\n","protected":false},"excerpt":{"rendered":"<p>[youtube]http:\/\/www.youtube.com\/watch?v=jLv7A5FV7YQ[\/youtube] El programa de RTVE Cr\u00f3nicas ha producido &#8220;Kil\u00f3metro 0&#8221;, un documentalsobre la Acampada de Sol en el que salgo dibujando y hablando. Entrevista digital con los lectores de El Pa\u00eds 15-6-2011 Art\u00edculo del 12-6-2011 de Elvira Lindo sobre mi cobertura del 15M Art\u00edculo en El Pa\u00eds Madrid 18-6-2011 Otra cita en El Pa\u00eds el [&hellip;]<\/p>\n","protected":false},"author":1,"featured_media":0,"parent":0,"menu_order":0,"comment_status":"open","ping_status":"open","template":"","meta":{"ngg_post_thumbnail":0},"_links":{"self":[{"href":"https:\/\/www.4ojos.com\/blog\/index.php?rest_route=\/wp\/v2\/pages\/53"}],"collection":[{"href":"https:\/\/www.4ojos.com\/blog\/index.php?rest_route=\/wp\/v2\/pages"}],"about":[{"href":"https:\/\/www.4ojos.com\/blog\/index.php?rest_route=\/wp\/v2\/types\/page"}],"author":[{"embeddable":true,"href":"https:\/\/www.4ojos.com\/blog\/index.php?rest_route=\/wp\/v2\/users\/1"}],"replies":[{"embeddable":true,"href":"https:\/\/www.4ojos.com\/blog\/index.php?rest_route=%2Fwp%2Fv2%2Fcomments&post=53"}],"version-history":[{"count":18,"href":"https:\/\/www.4ojos.com\/blog\/index.php?rest_route=\/wp\/v2\/pages\/53\/revisions"}],"predecessor-version":[{"id":5585,"href":"https:\/\/www.4ojos.com\/blog\/index.php?rest_route=\/wp\/v2\/pages\/53\/revisions\/5585"}],"wp:attachment":[{"href":"https:\/\/www.4ojos.com\/blog\/index.php?rest_route=%2Fwp%2Fv2%2Fmedia&parent=53"}],"curies":[{"name":"wp","href":"https:\/\/api.w.org\/{rel}","templated":true}]}}

<p>[youtube]http://www.youtube.com/watch?v=jLv7A5FV7YQ[/youtube]</p>
<p>El programa de RTVE <a href="http://www.rtve.es/alacarta/videos/programa/ilustrando-acampada-sol/1118963/?date=1307156457679" target="_blank"><strong><span style="text-decoration: underline;">Crónicas</span> </strong></a>ha producido <a href="http://www.rtve.es/noticias/20110603/cronicas-km0/436658.shtml" target="_blank"><strong><span style="text-decoration: underline;">&#8220;Kilómetro 0&#8221;,</span> un documental</strong></a>sobre la Acampada de Sol en el que salgo dibujando y hablando.</p>
<p><strong><a href="http://www.elpais.com/edigitales/entrevista.html?id=8196#" target="_blank">Entrevista digital con los lectores de El País 15-6-2011</a></strong></p>
<p><strong><a href="http://www.4ojos.com/blog/imagenes/actualidad/lindo-paisdomingo.jpg"><img loading="lazy" class="alignnone" src="http://www.4ojos.com/blog/imagenes/actualidad/lindo-paisdomingo.jpg" alt="" width="700" height="966" /></a><br />
</strong></p>
<p><strong><a href="http://www.elpais.com/articulo/opinion/Quiero/entrar/leyenda/elpepusocdgm/20110612elpdmgpan_1/Tes" target="_blank">Artículo del 12-6-2011 de Elvira Lindo sobre mi cobertura del 15M</a></strong></p>
<p><a href="http://www.4ojos.com/blog/imagenes/actualidad/yo%20en%20el%20pais%2018-6-2011.jpg"><img loading="lazy" src="http://www.4ojos.com/blog/imagenes/actualidad/yo%20en%20el%20pais%2018-6-2011.jpg" alt="" width="692" height="519" /></a></p>
<p><strong><a href="http://www.elpais.com/articulo/madrid/storyboard/27/dias/campamento/Puerta/Sol/elpepuespmad/20110618elpmad_8/Tes" target="_blank">Artículo en El País Madrid 18-6-2011</a></strong></p>
<p>Otra cita en El País el 18-5-2011, <a href="http://politica.elpais.com/politica/2011/05/18/actualidad/1305716354_224747.html" target="_blank"><strong>aquí</strong></a></p>
<p><a href="http://www.larepublicacultural.es/article4521.html"><strong>Reseña de la presentación del libro el 25 de julio.<br />
</strong></a></p>
<p><a href="http://www.4ojos.com/blog/imagenes/prensa/publico21-5-11-baja.JPG"><img loading="lazy" src="http://www.4ojos.com/blog/imagenes/prensa/publico21-5-11-baja.JPG" alt="" width="702" height="441" /></a></p>
<p><a href="http://www.publico.es" target="_blank"><strong>Público </strong></a>dedicó una doble página el 21-5-2011 <a href="Entradas anteriores sobre el tema http://www.4ojos.com/blog/?tag=15m" target="_blank"><strong>a mi cuaderno de Sol</strong></a>. El enlace en su web, <a href="http://www.publico.es/espana/377569/como-se-ve-la-plaza-que-todo-el-mundo-mira" target="_blank"><strong>aquí.</strong></a></p>
<p><a href="http://www.yorokobu.es/el-15-m-contado-en-ilustraciones/" target="_blank"><strong> </strong></a><strong><a href="http://noticias.lainformacion.com/arte-cultura-y-espectacluos-videojuegos/arte-cultura-y-espectaculos-artes-general/la-spanishrevolution-en-dibujos-y-carteles_LKAUn0jysoQjIjqC1cLQ56/" target="_blank">Artículo en el periódico La información</a></strong></p>
<p>Exposición de los dibujos del 15M en el <a href="https://www.facebook.com/profile.php?id=100001623514617" target="_blank"><strong>Cercle Artístic Sant Lluc.</strong></a> de Barcelona. Las fotos, en <a href="https://www.facebook.com/photo.php?fbid=2136195203883&amp;set=a.2136190283760.132862.1216176927&amp;type=1&amp;ref=notif&amp;notif_t=photo_reply#!/media/set/?set=a.2136190283760.132862.1216176927" target="_blank"><strong>este grupo de facebook.</strong></a> Un vídeo de La Vanguardia, <a href="http://www.lavanguardia.com/vida/20110609/54168365084/los-indignados-acampados-en-dibujos.html" target="_blank"><strong>aquí.</strong></a></p>
<p><a href="http://www.yorokobu.es/el-15-m-contado-en-ilustraciones/" target="_blank"><strong> </strong></a><strong><a href="http://noticias.lainformacion.com/arte-cultura-y-espectacluos-videojuegos/arte-cultura-y-espectaculos-artes-general/la-spanishrevolution-en-dibujos-y-carteles_LKAUn0jysoQjIjqC1cLQ56/" target="_blank"></a></strong><strong><a href="http://www.yorokobu.es/el-15-m-contado-en-ilustraciones/" target="_blank">Post 16-6-2011 en la revista Yorokobu </a><a href="http://www.yorokobu.es/el-15-m-contado-en-ilustraciones/" target="_blank"> </a></strong></p>
<p><a href="http://www.nometoqueslashelveticas.com/2011/06/el-15m-ilustrado.html" target="_blank">http://blogdeiconi.blogspot.com</a></p>
<p><a href="http://www.nometoqueslashelveticas.com/2011/06/el-15m-ilustrado.html" target="_blank">http://www.nometoqueslashelveticas.com</a><br />
<a href="http://aquarel.blogspot.com/2011/05/visual-chronicle-of-new-spanish.html" target="_blank">http://aquarel.blogspot.com</a><br />
<a href="http://aquarel.blogspot.com/2011/05/visual-chronicle-of-new-spanish.html" target="_blank">Post en el blog de Katherine Tyrell (en inglés) http://makingamark.blogspot.com/</a></p>
<p><strong><a href="http://elestafador.com/2011/05/el-estafador-83-spanishrevolution/" target="_blank">El estafador</a> especial #spanishrevolution recoge algunos de mis dibujos</strong></p>
<p>Me entrevistan en el programa de radio Agora Pulp. <strong><a href="http://madrid.tomalaplaza.net/2011/06/27/agora-pulp-sol-radio-25-junio-2011/" target="_blank">Aquí tenéis el enlace</a></strong> por si queréis oirlo</p>
<p>La revista marcapasos<a href="http://revistamarcapasos.com/cronicas/enrique-flores-dibuja-la-spanishrevolution/" target="_blank"><strong> ha publicado un artículo sobre mis cuadernos de Sol.</strong></a></p>
<p><a href="http://tiempo.elargentino.com/notas/los-indignados-de-espana-salen-lapiz-mano-dibujar-crisis" target="_blank"><strong>Artículo en el periódico Tiempo Argentino</strong></a></p>
<p>[youtube]http://www.youtube.com/watch?v=SIdznrciYLY[/youtube]</p>
<p>Reportaje en una tele asturiana sobre mis cuadernos de viajes a Asturias</p>
<p><a href="http://www.4ojos.com/blog/imagenes/CV/diario-de-sevilla2-8-2011.jpg"><img loading="lazy" class="alignnone" src="http://www.4ojos.com/blog/imagenes/CV/diario-de-sevilla2-8-2011.jpg" alt="" width="700" height="700" /></a></p>
<p>Diario de Sevilla: <a rel="nofollow" href="http://www.diariodesevilla.es/article/ocio/1034450/enrique/flores/ilustra/la/cronica/diaria/la/acampada/sol.html" target="_blank">http://www.diariodesevilla.es/article/ocio/1034450/enrique/flores/ilustra/la/cronica/diaria/la/acampada/sol.html</a></p>
<p>Cadena Ser: <a rel="nofollow" href="http://www.cadenaser.com/cultura/articulo/enrique-flores-dibuja-indignados-15-m/csrcsrpor/20110801csrcsrcul_3/Tes" target="_blank">http://www.cadenaser.com/cultura/articulo/enrique-flores-dibuja-indignados-15-m/csrcsrpor/20110801csrcsrcul_3/Tes</a></p>
<p>Europa Press: <a rel="nofollow" href="http://es.noticias.yahoo.com/ilustrador-enrique-flores-plasma-cuaderno-sol-concentraciones-movimiento-145835917.html" target="_blank">http://es.noticias.yahoo.com/ilustrador-enrique-flores-plasma-cuaderno-sol-concentraciones-movimiento-145835917.html</a></p>
<p>Correo de Andalucía: <a rel="nofollow" href="http://www.elcorreoweb.es/cultura/127752/15menriquefloresartepinceles" target="_blank">http://www.elcorreoweb.es/cultura/127752/15menriquefloresartepinceles</a></p>
<p>Noticias.Com: <a rel="nofollow" href="http://www.noticias.com/el-ilustrador-enrique-flores-plasma-en-cuaderno-de-sol-las-concentraciones-del-movimiento.1236636" target="_blank">http://www.noticias.com/el-ilustrador-enrique-flores-plasma-en-cuaderno-de-sol-las-concentraciones-del-movimiento.1236636</a></p>
<p>El Pais Digital (pista de audio del programa Hoy por Hoy en Sevilla): <a rel="nofollow" href="http://www.elpais.com/audios/cultura/Enrique/Flores/declaraciones/programa/Hoy/Hoy/Verano/Sevilla/elpais/20110801csrcsrcul_3/Aes/" target="_blank">http://www.elpais.com/audios/cultura/Enrique/Flores/declaraciones/programa/Hoy/Hoy/Verano/Sevilla/elpais/20110801csrcsrcul_3/Aes/</a></p>
<p>Actualidad noticias (texto de Europa Press): <a rel="nofollow" href="http://www.actualidadnoticias.com/2011/08/01/el-ilustrador-enrique-flores-plasma-en-cuaderno-de-sol-las-concentraciones-del-movimiento-15-m-en-madrid/" target="_blank">http://www.actualidadnoticias.com/2011/08/01/el-ilustrador-enrique-flores-plasma-en-cuaderno-de-sol-las-concentraciones-del-movimiento-15-m-en-madrid/</a></p>
<p>Sevilla Actualidad: <a rel="nofollow" href="http://www.sevillaactualidad.com/noticias/cultura/artes/11757-dibujando-el-15-m.html" target="_blank">http://www.sevillaactualidad.com/noticias/cultura/artes/11757-dibujando-el-15-m.html</a></p>
<p><a href="http://www.archive.org/details/AgoraPulpSabado06082011" target="_blank"><strong>Entrevista el 6-8-11 en &#8220;Agora Pulp&#8221;, un programa de Radio Agora Sol</strong></a></p>
<p><a href="http://www.rtve.es/alacarta/audios/hoy-empieza-todo/hoy-empieza-todo-entrevista-enrique-flores-autor-cuaderno-sol-08-08-11/1169824/" target="_blank"><strong>Entrevista el 8-8-11 en el programa de Radio3 &#8220;Hoy comienza todo&#8221;</strong></a></p>
<p><a href="http://www.esquire.es/blogs/celtiberia-sumergida-5/enrique-flores-sus-cuadernos-viaje_609.html"><strong>Reseña en el blog de Esquire.</strong></a></p>
<p><a href="http://www.experimenta.es/noticias/grafica-y-comunicacion/ilustracion-y-acuarelas-15M-enrique-flores-3114" target="_blank"><strong>Post sobre mis dibujos del 15M en el blog de Experimenta</strong></a></p>
<p><a href="http://www.yorokobu.es/los-cuadernos-de-viaje-de-enrique-flores/#more-33028" target="_blank"><strong>Post en el blog de Yorokobu sobre mis cuadernos de viaje.</strong></a></p>
<p><a href="http://www.youtube.com/watch?v=2mqi5-wbME8&amp;feature=youtu.be" target="_blank"><strong>Una entrevista en el programa &#8220;Amanece que no es poco&#8221; de Audiovisol.</strong></a></p>
<p><a href="http://vimeo.com/53283541" target="_blank"><strong>Trailer de la película &#8220;Dormíamos, despertamos&#8221;</strong></a></p>
<p>[youtube]http://www.youtube.com/watch?v=Id8eHZ4tRcM[/youtube]</p>
<p>Entrevista en el programa &#8220;Al fondo a la izquierda&#8221;</p>
<p><a rel="nofollow" href="http://bambuser.com/v/4445914" target="_blank">http://bambuser.com/v/4445914</a></p>
<p>Charla sobre carteles políticos</p>

<p>[youtube]http://www.youtube.com/watch?v=jLv7A5FV7YQ[/youtube] El programa de RTVE Crónicas ha producido &#8220;Kilómetro 0&#8221;, un documentalsobre la Acampada de Sol en el que salgo dibujando y hablando. Entrevista digital con los lectores de El País 15-6-2011 Artículo del 12-6-2011 de Elvira Lindo sobre mi cobertura del 15M Artículo en El País Madrid 18-6-2011 Otra cita en El País el [&hellip;]</p>
