{"id":3707,"date":"2010-07-05T03:16:29","date_gmt":"2010-07-05T01:16:29","guid":{"rendered":"http:\/\/www.4ojos.com\/blog\/?page_id=3707"},"modified":"2010-07-05T03:16:29","modified_gmt":"2010-07-05T01:16:29","slug":"taller-infantil-en-oran-argelia","status":"publish","type":"page","link":"https:\/\/www.4ojos.com\/blog\/?page_id=3707","title":{"rendered":"taller infantil en or\u00e1n, argelia."},"content":{"rendered":"<p>El pasado mes de Junio, coincidiendo con una <a href=\"http:\/\/www.4ojos.com\/blog\/?p=3567\" target=\"_blank\"><strong>exposici\u00f3n de mis acuarelas<\/strong><\/a> organizada por el Instituto Cervantes en el Museo Zabana de Or\u00e1n, di un taller de dibujo del natural a un grupo de ni\u00f1os relacionados con el Instituto.<\/p>\n<p>La idea era confeccionar un cuaderno de viaje con su visi\u00f3n de la ciudad en la que viven, pero las dificultades para llevar a dibujar a la calle a un grupo de ni\u00f1os hizo que me replantease el objetivo y suprimiese las salidas pensadas a dibujar arquitectura, veh\u00edculos o personas.<\/p>\n<p>Dia 1. Nos retratamos unos a otros. Momento importante para irnos conociendo y para acostumbrarnos a mirar antes de dibujar, una frase que repetir\u00e9 los cuatro dias del taller. Terminamos el dia haciendo un autoretrato y les pido que cuando vuelvan a casa lo repitan con un espejo delante para que se den cuenta de las diferencias entre las dos representaciones.<\/p>\n<p><a href=\"http:\/\/www.4ojos.com\/blog\/imagenes\/varios\/taller-oran-1.jpg\"><img loading=\"lazy\" class=\"alignnone\" src=\"http:\/\/www.4ojos.com\/blog\/imagenes\/varios\/taller-oran-1.jpg\" alt=\"\" width=\"700\" height=\"5417\" \/><\/a><\/p>\n<p>Dia 2. Los ni\u00f1os no han traido autorizaci\u00f3n de sus padres para salir a la calle a dibujar as\u00ed es queles propongo hacer collages para abrir el abanico de t\u00e9cnicas disponibles. Para motivarles les pongo (pertimentemente, ya que estamos en Argelia) &#8220;La italiana en Argel&#8221;, la pel\u00edcula de animaci\u00f3n de Luzzati basada en la \u00f3pera de Rossini.<\/p>\n<p><a href=\"http:\/\/www.4ojos.com\/blog\/imagenes\/varios\/taller-oran-2.jpg\"><img loading=\"lazy\" class=\"alignnone\" src=\"http:\/\/www.4ojos.com\/blog\/imagenes\/varios\/taller-oran-2.jpg\" alt=\"\" width=\"700\" height=\"3745\" \/><\/a><\/p>\n<p>Dia 3. Por fin podemos salir a dibujar a la calle. Vamos a un parque cercano al Instituto Cervantes para dibujar naturaleza. Como tienden a representar las flores y \u00e1rboles de su imaginaci\u00f3n les pido que antes de hacer una l\u00ednea cuenten cu\u00e1ntos p\u00e9talos tienen las flores.<\/p>\n<p><a href=\"http:\/\/www.4ojos.com\/blog\/imagenes\/varios\/taller-oran3.jpg\"><img loading=\"lazy\" class=\"alignnone\" src=\"http:\/\/www.4ojos.com\/blog\/imagenes\/varios\/taller-oran3.jpg\" alt=\"\" width=\"700\" height=\"5710\" \/><\/a><\/p>\n<p>Dia 4. Cerramos el taller con el plato fuerte: una visita al zoo. Dibujamos el elefante, los camellos, los leones y el tigre y aunque los ni\u00f1os empiezan quej\u00e1ndose mucho porque los animales se mueven conseguimos unos resultados mejores que buenos. Entienden que lo que les dec\u00eda el primer dia era importante: que ten\u00edan que traer cuadernos y no hojas sueltas porque a veces no tendr\u00edamos mesas para apoyarnos y tendr\u00edamos que dibujar de pie.<\/p>\n<p><a href=\"http:\/\/www.4ojos.com\/blog\/imagenes\/varios\/taller-oran-4.jpg\"><img loading=\"lazy\" class=\"alignnone\" src=\"http:\/\/www.4ojos.com\/blog\/imagenes\/varios\/taller-oran-4.jpg\" alt=\"\" width=\"700\" height=\"7969\" \/><\/a><\/p>\n","protected":false},"excerpt":{"rendered":"<p>El pasado mes de Junio, coincidiendo con una exposici\u00f3n de mis acuarelas organizada por el Instituto Cervantes en el Museo Zabana de Or\u00e1n, di un taller de dibujo del natural a un grupo de ni\u00f1os relacionados con el Instituto. La idea era confeccionar un cuaderno de viaje con su visi\u00f3n de la ciudad en la [&hellip;]<\/p>\n","protected":false},"author":1,"featured_media":0,"parent":53,"menu_order":0,"comment_status":"open","ping_status":"open","template":"","meta":{"ngg_post_thumbnail":0},"_links":{"self":[{"href":"https:\/\/www.4ojos.com\/blog\/index.php?rest_route=\/wp\/v2\/pages\/3707"}],"collection":[{"href":"https:\/\/www.4ojos.com\/blog\/index.php?rest_route=\/wp\/v2\/pages"}],"about":[{"href":"https:\/\/www.4ojos.com\/blog\/index.php?rest_route=\/wp\/v2\/types\/page"}],"author":[{"embeddable":true,"href":"https:\/\/www.4ojos.com\/blog\/index.php?rest_route=\/wp\/v2\/users\/1"}],"replies":[{"embeddable":true,"href":"https:\/\/www.4ojos.com\/blog\/index.php?rest_route=%2Fwp%2Fv2%2Fcomments&post=3707"}],"version-history":[{"count":1,"href":"https:\/\/www.4ojos.com\/blog\/index.php?rest_route=\/wp\/v2\/pages\/3707\/revisions"}],"predecessor-version":[{"id":3708,"href":"https:\/\/www.4ojos.com\/blog\/index.php?rest_route=\/wp\/v2\/pages\/3707\/revisions\/3708"}],"up":[{"embeddable":true,"href":"https:\/\/www.4ojos.com\/blog\/index.php?rest_route=\/wp\/v2\/pages\/53"}],"wp:attachment":[{"href":"https:\/\/www.4ojos.com\/blog\/index.php?rest_route=%2Fwp%2Fv2%2Fmedia&parent=3707"}],"curies":[{"name":"wp","href":"https:\/\/api.w.org\/{rel}","templated":true}]}}

taller infantil en orán, argelia.

<p>El pasado mes de Junio, coincidiendo con una <a href="http://www.4ojos.com/blog/?p=3567" target="_blank"><strong>exposición de mis acuarelas</strong></a> organizada por el Instituto Cervantes en el Museo Zabana de Orán, di un taller de dibujo del natural a un grupo de niños relacionados con el Instituto.</p>
<p>La idea era confeccionar un cuaderno de viaje con su visión de la ciudad en la que viven, pero las dificultades para llevar a dibujar a la calle a un grupo de niños hizo que me replantease el objetivo y suprimiese las salidas pensadas a dibujar arquitectura, vehículos o personas.</p>
<p>Dia 1. Nos retratamos unos a otros. Momento importante para irnos conociendo y para acostumbrarnos a mirar antes de dibujar, una frase que repetiré los cuatro dias del taller. Terminamos el dia haciendo un autoretrato y les pido que cuando vuelvan a casa lo repitan con un espejo delante para que se den cuenta de las diferencias entre las dos representaciones.</p>
<p><a href="http://www.4ojos.com/blog/imagenes/varios/taller-oran-1.jpg"><img loading="lazy" class="alignnone" src="http://www.4ojos.com/blog/imagenes/varios/taller-oran-1.jpg" alt="" width="700" height="5417" /></a></p>
<p>Dia 2. Los niños no han traido autorización de sus padres para salir a la calle a dibujar así es queles propongo hacer collages para abrir el abanico de técnicas disponibles. Para motivarles les pongo (pertimentemente, ya que estamos en Argelia) &#8220;La italiana en Argel&#8221;, la película de animación de Luzzati basada en la ópera de Rossini.</p>
<p><a href="http://www.4ojos.com/blog/imagenes/varios/taller-oran-2.jpg"><img loading="lazy" class="alignnone" src="http://www.4ojos.com/blog/imagenes/varios/taller-oran-2.jpg" alt="" width="700" height="3745" /></a></p>
<p>Dia 3. Por fin podemos salir a dibujar a la calle. Vamos a un parque cercano al Instituto Cervantes para dibujar naturaleza. Como tienden a representar las flores y árboles de su imaginación les pido que antes de hacer una línea cuenten cuántos pétalos tienen las flores.</p>
<p><a href="http://www.4ojos.com/blog/imagenes/varios/taller-oran3.jpg"><img loading="lazy" class="alignnone" src="http://www.4ojos.com/blog/imagenes/varios/taller-oran3.jpg" alt="" width="700" height="5710" /></a></p>
<p>Dia 4. Cerramos el taller con el plato fuerte: una visita al zoo. Dibujamos el elefante, los camellos, los leones y el tigre y aunque los niños empiezan quejándose mucho porque los animales se mueven conseguimos unos resultados mejores que buenos. Entienden que lo que les decía el primer dia era importante: que tenían que traer cuadernos y no hojas sueltas porque a veces no tendríamos mesas para apoyarnos y tendríamos que dibujar de pie.</p>
<p><a href="http://www.4ojos.com/blog/imagenes/varios/taller-oran-4.jpg"><img loading="lazy" class="alignnone" src="http://www.4ojos.com/blog/imagenes/varios/taller-oran-4.jpg" alt="" width="700" height="7969" /></a></p>

<p>El pasado mes de Junio, coincidiendo con una exposición de mis acuarelas organizada por el Instituto Cervantes en el Museo Zabana de Orán, di un taller de dibujo del natural a un grupo de niños relacionados con el Instituto. La idea era confeccionar un cuaderno de viaje con su visión de la ciudad en la [&hellip;]</p>
